t -7377 (base 9) to base 10.
-5416
Convert -14144 (base 5) to base 14.
-5dc
Convert 3a25 (base 13) to base 5.
231222
What is -24b5 (base 12) in base 11?
-3150
-55967 (base 11) to base 13
-2ab56
1654 (base 8) to base 5
12230
Convert -34550 (base 6) to base 12.
-2a56
What is -220 (base 8) in base 7?
-264
269 (base 16) to base 14
321
What is -2340 (base 8) in base 11?
-a35
Convert 1a593 (base 13) to base 14.
14aa4
-6473 (base 15) to base 11
-14a76
Convert -464 (base 14) to base 11.
-723
-6002 (base 9) to base 7
-15521
Convert 634 (base 11) to base 8.
1373
What is -1079 (base 14) in base 7?
-11212
What is -2ca2 (base 13) in base 4?
-1212122
What is 2031332 (base 4) in base 9?
13415
-5735 (base 12) to base 4
-2113121
Convert -2342 (base 8) to base 6.
-5442
11025 (base 7) to base 2
101011001011
1011110100011 (base 2) to base 14
22c3
-3c9 (base 15) to base 8
-1540
Convert -1012202 (base 3) to base 15.
-3de
What is -4cc5 (base 13) in base 6?
-122453
-5121 (base 15) to base 5
-1022011
Convert 284 (base 9) to base 5.
1423
Convert -1331 (base 5) to base 10.
-216
Convert -1112221 (base 3) to base 12.
-7a4
What is -14486 (base 11) in base 7?
-113615
-6bb2 (base 12) to base 11
-9098
137270 (base 8) to base 6
1014012
-6cb (base 16) to base 7
-5033
Convert 1122221110 (base 3) to base 15.
9a93
Convert 1eee (base 15) to base 16.
1a5d
-6423 (base 10) to base 16
-1917
Convert 86 (base 14) to base 7.
226
-39a (base 11) to base 4
-13120
Convert 241 (base 15) to base 16.
1ff
Convert 1412 (base 10) to base 2.
10110000100
-1324 (base 6) to base 14
-1a4
-23332123 (base 4) to base 2
-1011111110011011
What is 6c73 (base 15) in base 8?
55022
-410 (base 12) to base 8
-1114
-122540 (base 8) to base 9
-64060
Convert -436 (base 16) to base 10.
-1078
What is -65208 (base 10) in base 8?
-177270
-208 (base 12) to base 6
-1212
What is -1975 (base 15) in base 7?
-22031
Convert 3104 (base 7) to base 11.
8a4
20101111 (base 3) to base 6
33321
What is -2bcc (base 16) in base 6?
-123524
Convert -2308 (base 9) to base 13.
-a16
What is 805 (base 16) in base 14?
a69
What is 37646 (base 8) in base 3?
211100111
-2131 (base 5) to base 2
-100100011
-327 (base 14) to base 11
-517
What is 34332 (base 5) in base 14?
c83
Convert -38298 (base 12) to base 3.
-10212211222
965 (base 12) to base 6
10205
38b (base 12) to base 8
1033
11000 (base 3) to base 14
7a
What is -641 (base 9) in base 10?
-523
11aa5 (base 12) to base 5
1232104
What is -6329 (base 11) in base 3?
-102111101
What is -1002002110 (base 3) in base 6?
-242103
5575 (base 9) to base 2
1000000010110
4004 (base 5) to base 2
111111000
6071 (base 12) to base 7
42322
Convert -1704 (base 11) to base 14.
-b1c
What is -10122 (base 4) in base 11?
-237
15196 (base 11) to base 15
659c
-104c (base 13) to base 4
-203111
2211200102 (base 3) to base 9
84612
What is -a67b (base 13) in base 2?
-101101000101110
What is 1000100 (base 2) in base 9?
75
13151 (base 6) to base 9
2674
What is -317 (base 11) in base 12?
-279
What is -b09 (base 16) in base 14?
-105b
dd91 (base 14) to base 10
38347
What is -2052 (base 11) in base 16?
-a9f
What is 10001100110 (base 2) in base 8?
2146
-10303 (base 4) to base 16
-133
-13302132 (base 4) to base 16
-7c9e
-100304 (base 5) to base 8
-6204
What is 6055 (base 10) in base 13?
29aa
84677 (base 9) to base 15
118aa
-103653 (base 7) to base 15
-55b3
What is -11380 (base 15) in base 16?
-d60b
-3052 (base 6) to base 5
-10210
Convert 1246 (base 8) to base 6.
3050
What is -100211011 (base 3) in base 16?
-1bf7
1757 (base 14) to base 6
31225
Convert 102514 (base 7) to base 6.
214101
Convert -206 (base 8) to base 10.
-134
What is 2110111210 (base 3) in base 5?
3022421
-4c7c (base 13) to base 10
-10919
Convert 44306 (base 8) to base 10.
18630
-111222 (base 3) to base 10
-377
Convert d3 (base 14) to base 9.
225
Convert 3e4f (base 16) to base 7.
64335
-109db (base 16) to base 13
-24c94
211000 (base 3) to base 4
21102
What is -10010121 (base 3) in base 11?
-1797
Convert 15010 (base 6) to base 4.
211032
12110213 (base 4) to base 15
7a15
Convert 362 (base 16) to base 14.
45c
What is -24aa8 (base 12) in base 3?
-2112112002
What is 795 (base 13) in base 7?
3543
Convert -353 (base 10) to base 4.
-11201
What is 206 (base 15) in base 13?
291
What is -22 (base 6) in base 11?
-13
What is -2201 (base 9) in base 7?
-4504
What is -10102021 (base 3) in base 15?
-b11
Convert 1062 (base 9) to base 2.
1100010001
What is -2110212101 (base 3) in base 10?
-48745
Convert -1031 (base 6) to base 13.
-151
Convert 2da (base 15) to base 16.
28f
Convert -2400 (base 5) to base 10.
-350
What is -ba1 (base 13) in base 6?
-13114
-1001101 (base 4) to base 5
-113202
Convert -1332410 (base 5) to base 7.
-142250
What is -1100101 (base 2) in base 4?
-1211
Convert -4413 (base 10) to base 11.
-3352
Convert 16653 (base 7) to base 14.
1a63
What is -463a (base 14) in base 2?
-10111110101100
What is 148a (base 11) in base 8?
3571
Convert 10010101000 (base 2) to base 11.
994
-210033 (base 4) to base 3
-10011220
-333334 (base 5) to base 11
-8894
4320 (base 7) to base 11
1174
What is 210100 (base 4) in base 2?
100100010000
What is 10320333 (base 4) in base 13?
916b
Convert 51274 (base 9) to base 16.
83e3
Convert -1011100110 (base 2) to base 8.
-1346
Convert 10001011011 (base 2) to base 11.
924
Convert -1372 (base 9) to base 15.
-492
What is -111001011010101 (base 2) in base 16?
-72d5
What is 2264 (base 9) in base 7?
4615
Convert -31501 (base 7) to base 5.
-222132
-1000110101000 (base 2) to base 16
-11a8
Convert -70 (base 9) to base 5.
-223
What is 6000 (base 10) in base 5?
143000
-33b5 (base 13) to base 15
-2231
What is 69 (base 12) in base 6?
213
Convert 1b8 (base 13) to base 10.
320
-10153 (base 6) to base 12
-959
Convert 1334223 (base 5) to base 13.
c648
-11101000010001 (base 2) to base 9
-22346
What is 1191c (base 13) in base 14?
bab6
What is -1011100100 (base 2) in base 7?
-2105
-43 (base 12) to base 2
-110011
31200 (base 4) to base 6
4000
Convert 586 (base 11) to base 2.
1010111011
Convert -434 (base 8) to base 6.
-1152
What is 64303 (base 8) in base 2?
110100011000011
Convert 1212202 (base 3) to base 8.
2532
What is 1b14 (base 15) in base 6?
43101
What is 502535 (base 6) in base 16?
9a5b
Convert 11111 (base 6) to base 8.
3023
Convert -140312 (base 5) to base 14.
-2119
What is -18a (base 15) in base 14?
-1b5
Convert -63a (base 11) to base 15.
-364
What is 5523 (base 7) in base 8?
3671
What is -11211200 (base 3) in base 2?
-110111001000
-760 (base 13) to base 12
-891
Convert -15283 (base 9) to base 15.
-3163
Convert 2a148 (base 12) to base 4.
32121020
-2998 (base 13) to base 9
-8251
443 (base 5) to base 7
234
Convert -300 (base 15) to base 14.
-363
10202011 (base 3) to base 14
dd1
Convert 61d5 (base 14) to base 2.
100000111001111
-1634 (base 9) to base 10
-1246
What is -11432 (base 5) in base 12?
-603
What is -70 (base 8) in base 9?
-62
Convert 1794 (base 15) to base 6.
35321
Convert 11201201 (base 3) to base 10.
3448
-16075 (base 10) to base 16
-3ecb
6374 (base 16) to base 10
25460
Convert -140552 (base 6) to base 15.
-3d82
Convert -170 (base 9) to base 15.
-99
6b (base 16) to base 12
8b
303035 (base 7) to base 5
3121401
What is -10011313 (base 4) in base 8?
-40567
Convert 10112 (base 3) to base 12.
7b
What is -13012 (base 4) in base 2?
-111000110
-31326 (base 8) to base 16
-32d6
-dbb (base 16) to base 7
-13151
What is -79d8 (base 15) in base 4?
-12103331
What is 13340 (base 8) in base 6?
43040
Convert -ad44 (base 15) to base 16.
-8f83
Convert -202012 (base 3) to base 2.
-1000100001
Convert -1601 (base 9) to base 11.
-a06
-5ab (base 14) to base 15
-506
What is 114 (base 13) in base 10?
186
Convert 13112 (base 4) to base 2.
111010110
Convert 231 (base 5) to base 9.
73
32202 (base 5) to base 16
881
What is -8784 (base 9) in base 6?
-45551
What is -476 (base 11) in base 10?
-567
Convert -336 (base 15) to base 13.
-43b
-424450 (base 6) to base 8
-103656
Convert -100122 (base 5) to base 11.
-2415
What is 48877 (base 10) in base 14?
13b53
-1b07 (base 14) to base 3
-20201202
Convert 1010401 (base 5) to base 13.
759a
Convert 128 (base 10) to base 14.
92
Convert 857 (base 13) to base 6.
10332
Convert -110211 (base 4) to base 13.
-7a4
-10001010001001 (base 2) to base 11
-6708
-1143